2, 7, 11
Let o be (-70 + 2)*(-45)/12 + -2. Suppose -o = 3*b - 1372. What are the prime factors of b?
373
Let s(i) = 15 - 8*i + 17 - 23. Suppose 0 = u + 4 + 5. List the prime factors of s(u).
3
Suppose -1 = -q + 2. Suppose -4*j = -q*n + 72, 0*n - 121 = -4*n - 3*j. Suppose n = -2*a + 3*a. What are the prime factors of a?
2, 7
Suppose -4*f + 9*f = 0. Suppose 0 = -f*y + 4*y + u - 1, -3*y - 3*u - 6 = 0. What are the prime factors of 2 + (y + (0 - 2))*-15?
17
Let k(r) = 4*r**2 + 7*r - 10. Let t be k(-3). Suppose -4138 = -3*w + 2*n, t*w + 4*n - 9300 = -2374. What are the prime factors of w?
2, 691
Suppose -23*y + 10 = -28*y, 5*z = -y + 168218. What are the prime factors of z?
2, 13, 647
Suppose 52*o + 298 = 54*o. What are the prime factors of o?
149
Let u(l) = -2*l - 9*l**3 - 3*l**3 + 11*l**3 - 2*l + 15*l**2 - l + 9. What are the prime factors of u(13)?
2, 3, 47
Let d(i) be the second derivative of i**4/6 + 7*i**3/6 - 137*i**2/2 - 3*i + 12. List the prime factors of d(-15).
2, 13
List the prime factors of 1*113*(251 - 168).
83, 113
Let d = -42 - -42. Suppose -3*t - q + 803 = -0*t, d = -3*t - 4*q + 800. List the prime factors of t.
2, 67
Suppose -3*d - 2 = -d, -3*y - 3*d = 0. List the prime factors of 12/(-2) + 495 - y.
2, 61
Let b(f) = 4*f**2 + 2*f - 5*f**2 + 15*f - 5. Suppose 3*d + 1 = -i, 3*i + 2*i - 37 = -d. List the prime factors of b(i).
67
List the prime factors of 96/(-3)*(-1 - (-3702)/(-8)).
2, 5, 7, 53
Let o = -88 - -266. Let p = o - 30. What are the prime factors of p?
2, 37
Let p = 28589 - 20125. Suppose 15*w - 31*w = -p. What are the prime factors of w?
23
Suppose -4*o + 335 = 2*c + c, 0 = -c + 4*o + 117. Let r = c - 101. What are the prime factors of 1*(r/(-3) - -7) - -270?
3, 7, 13
Suppose 358 = l - 668. Suppose -5*h = -2*a - l - 1027, 4*a = -h + 415. Let f = -181 + h. What are the prime factors of f?
2, 5, 23
Let t(u) be the third derivative of 121*u**4/24 - 10*u**3 + 16*u**2. List the prime factors of t(9).
3, 7
Let o = -79 + 114. Suppose 0 = 5*l + 10, 2*l + 336 = -12*y + 8*y. Let d = o - y. List the prime factors of d.
2, 59
Let r be 78/(-42) - (-3)/(-21). List the prime factors of 2 - (r - 3270/(-24))*-8.
2, 269
Suppose 4*r - 16 = 5*n, 1 + 6 = r - 2*n. List the prime factors of (283 + r)*34/51.
2, 47
Suppose 2060 = m - 55105. What are the prime factors of m/105 - (6/(-7))/(-2)?
2, 17
Let d = 265 + -264. What are the prime factors of 1/(-1) + 5 + d + 606?
13, 47
Let o(g) be the second derivative of 7*g**3/6 + 237*g**2/2 - 5*g - 4. List the prime factors of o(24).
3, 5
Let g be (-4)/(-46) - 170920/(-184). Let x = g + -729. List the prime factors of x.
2, 5
Let q(n) = 5*n**2 - 174 - 38 + 14 + 27*n + 3*n**2 - 12. List the prime factors of q(6).
2, 3, 5
Let q(h) = -10*h**2 + 9*h + 2. Let k(x) = -x**2 + 2*x + 1. Let f(o) = 4*k(o) - q(o). What are the prime factors of f(4)?
2, 47
Suppose 17360*j = 17387*j - 605880. What are the prime factors of j?
2, 3, 5, 11, 17
Suppose a - 2 = 3, 3*v + 3*a = -1335. List the prime factors of (v/36)/((-1)/4).
2, 5
Suppose 3*k - 7001 + 2501 = 3*j, -4*j - 20 = 0. Let x = k - 724. What are the prime factors of x?
3, 257
Let c be 15/10 - (-3 - (-100)/8). Let b be ((-12)/c)/(4/(-8)). What are the prime factors of 2 - -112*(b - -5)?
2, 113
Let l be (-1)/(-1)*6*(-80)/5. Let d be ((-12)/18 - (-10)/(-12))*l. What are the prime factors of d/14*(7 + 7)?
2, 3
Let v(c) = 5*c**3 - c + 1. Let b be v(-4). Let l = -4709 + 4521. Let r = l - b. List the prime factors of r.
127
Suppose -5*h = 15, -11022 - 2955 = -3*w + 4*h. Suppose -13*v + w = -6*v. List the prime factors of v.
5, 7, 19
Let u be 346/(-1*(-8)/(-16)). Let b = -73 - u. What are the prime factors of b?
619
Suppose -2*b = 8, -8 = -4*t + 3*b + 36. Let y(v) = v**3 + 7*v**2 - 12*v + 22. Let z be y(t). Suppose 5*m = z + 64. List the prime factors of m.
2, 5, 19
Let p = -29 - -36. Suppose 0 = -5*l + b + 2710, 0 = -p*l + 2*l + 5*b + 2690. List the prime factors of l.
3, 181
Let r(c) = 6*c + 112. Suppose -3*v + 2*m = -3 + 28, -10 = -5*m. What are the prime factors of r(v)?
2, 5, 7
Let q(n) = -20*n - 3. Let r be q(-6). Let f = -111 + r. Suppose -310 = 4*a - f*a. What are the prime factors of a?
5, 31
Let g be ((-28)/12)/(3 - 48/18). Let r(h) = -6*h**3 - 24*h**2 - 3*h - 38. List the prime factors of r(g).
5, 173
Let r = -188 + 193. List the prime factors of 10 + (-35)/r + 2.
5
Let h be (7 - 11)*(-25 - 3). Suppose -302 = -w - d, h + 1097 = 4*w + 3*d. List the prime factors of w.
3, 101
Let c(j) = 116*j + 202. List the prime factors of c(48).
2, 5, 577
Suppose -276 = 16*p - 20*p. Let y(u) = u + 218. Let s be y(0). Suppose -l + 3*i + p = i, 3*l - s = -5*i. What are the prime factors of l?
71
Let i be ((-20)/50)/((-1)/10). Let u = -189 - -399. Suppose i*b + u = 6*b. What are the prime factors of b?
3, 5, 7
Let w(l) = l**2 - 3*l + 1. Let z be w(2). Let u = 5 + z. What are the prime factors of u/(-6)*585/(-6)?
5, 13
Let c be -100*((-31)/18 - (-18)/81). Suppose 2*x - c = -n, 2*x + 15 = 5*x. List the prime factors of n.
2, 5, 7
Let r = 5097 + -3879. List the prime factors of r.
2, 3, 7, 29
Let y(b) = -1304*b**3 + 3*b**2 - 208*b - 621. What are the prime factors of y(-3)?
2, 3, 7, 839
Let c = -4579 - -15765. What are the prime factors of c?
2, 7, 17, 47
Suppose 2*f + 3*m = -67, 3*m - 84 = 5*f + 136. Let b = -43 - f. What are the prime factors of 3 + b + 20 + 6?
3
Suppose 608634 = 19*r + 32*r. What are the prime factors of r?
2, 3, 13, 17
Suppose -36*p + 49541 = 4*j - 41*p, -5 = p. What are the prime factors of j?
12379
Let n = 20967 + 4461. What are the prime factors of n?
2, 3, 13, 163
Let p(m) = 13*m - 3. Suppose 0 = 2*g + 3*j - 2, 2*g - 5*j - 18 = -0. Let s be (15/6)/(5/40*g). List the prime factors of p(s).
2, 31
Let c(g) = -203*g + 3158. List the prime factors of c(-66).
2, 4139
Let y be ((-4)/12)/(5/450*-2). Suppose 61*o = 62*o - y. List the prime factors of o.
3, 5
Suppose -3*s - 18 = 4*n, -3*s - 3*n = -2*n + 9. Let j = 5 + s. Suppose 0 = j*w + 11 - 173. What are the prime factors of w?
2, 3
Let l(z) be the first derivative of -z**4/4 - 7*z**3/3 + 13*z**2/2 + 16*z - 157. List the prime factors of l(-9).
61
Suppose -18*x - 5*a - 15605 = -23*x, 0 = -5*x + a + 15605. List the prime factors of x.
3121
Let z(g) = g**2 - 11*g + 16. Let k be 5 + 3 - -2*(-9)/(-6). Let o be z(k). Suppose -4*t + 4 = -o. List the prime factors of t.
5
Let q be (18/30)/(2/(-10)). Let l be q + 4 + -3 - -6. Suppose -2*c - s = -0*s - 302, 588 = l*c - 2*s. What are the prime factors of c?
149
Let t(p) = p**3 + 9*p**2 - 21*p + 16. Let v be t(-11). Let h(g) = 4 + v - 11*g**2 - 9*g + 12*g**2. List the prime factors of h(9).
3
Suppose 0 = 6*t - 689 + 143. Let x = -70 + t. Suppose -3*k + 3*v + x = 0, -4*k - 5*v + 2*v + 28 = 0. List the prime factors of k.
7
Suppose -f = 5*j - 257533, -111999 - 42534 = -3*j - 5*f. List the prime factors of j.
2, 7, 13, 283
Let q = -263 + 1103. Suppose 496 = 3*j + l, 10*l - 5*l = -5*j + q. Suppose -5*h + 674 = j. List the prime factors of h.
2, 3, 17
Suppose 3*f + 63 = 3*b + 5*f, -4*b + 2*f + 98 = 0. Suppose b + 37 = 4*d. Suppose d = -5*o, 0 = -2*l - 2*l + 2*o + 166. What are the prime factors of l?
2, 5
Let b be (-3)/(-5) + 160/25. Let w(o) = -4*o**2 - 2. Let u(f) = -8*f**2 - f - 3. Let j(m) = b*w(m) - 4*u(m). List the prime factors of j(2).
2, 11
Suppose -275*k + 273*k = -o + 20083, 20111 = o + 5*k. List the prime factors of o.
3, 37, 181
Suppose 9*d + 4 - 13 = 0. What are the prime factors of 299 + ((-1)/d)/((-2)/4)?
7, 43
Suppose 0*q - q + 9 = -2*l, 2*l = 4*q - 54. Let o be (0 - q/(-4))*4/3. Suppose 0 = 14*t - o*t - 1314. What are the prime factors of t?
2, 73
Let a(z) = 48*z + 284. Let u be a(40). Suppose -4*k + 1102 = 2*g, -2*k + u = 25*g - 21*g. What are the prime factors of g?
19, 29
Suppose -4*t + 31 + 137 = 0. Let h = t - -52. Suppose -r + 37 = a, -2*a = r + 16 - h. What are the prime factors of a?
41
Let y = 114 - -86. Let l = y - -223. List the prime factors of l.
3, 47
Let g(d) = -2*d**2 + 22*d + 1. Let v be g(10). Suppose -v*o + 2173 = -1145. List the prime factors of o.
2, 79
List the prime factors of (-9641)/(104/(-520) - 6/20).
2, 31, 311
Let b(f) = 3*f**2 + 10*f + 26. Suppose -3*w + 4*r - 34 = -w, 0 = -5*r + 10. What are the prime factors of b(w)?
13, 31
Sup